inder when t is divided by b?
10
Let t(n) = -4*n. Calculate the remainder when 16 - -5 - 4/(-2) is divided by t(-3).
11
Let y(w) = w + 16. Suppose 0*g - 3*g - 6 = -4*u, -4 = -5*g + 2*u. Calculate the remainder when y(-13) is divided by g.
1
Let p(u) be the second derivative of u + 1/12*u**4 + 0 + 0*u**3 + 5*u**2. Calculate the remainder when p(0) is divided by 4.
2
Let z = -27 - -38. Suppose 0 = -3*d - 2*d - 20, d - z = -3*m. Suppose m*o - 72 = 58. What is the remainder when o is divided by 9?
8
Suppose -4*d = -9*d + 4*l + 20, 0 = 4*d + 5*l + 25. Let g = 47 - 21. Suppose d = v - g + 3. Calculate the remainder when v is divided by 8.
7
Suppose 8 + 1 = 3*p. What is the remainder when 6 is divided by p?
0
Suppose 0 = -4*i + 3*i + 4. Let d(o) = -2*o**2 - 2*o + 9. Let k(c) = -c**2 - c + 4. Let a(h) = 4*d(h) - 9*k(h). What is the remainder when a(i) is divided by 7?
6
Suppose -2*j + 3*o = -106, -5*o = 6*j - j - 240. Calculate the remainder when j is divided by 26.
24
Let o(i) = i**3 - 23*i**2 + 21*i + 32. What is the remainder when o(22) is divided by 5?
0
Suppose 0*x - 2 = -2*x. Suppose -u + 24 = x. Calculate the remainder when u is divided by 12.
11
Let b(z) = z**2 + z - 1. Let r(d) = 2*d**2 + 4*d - 4. Let o(q) = 3*b(q) - r(q). Let n = 11 - 8. Calculate the remainder when 19 is divided by o(n).
5
Let j(u) = 15*u**2 - u - 1. Calculate the remainder when j(-2) is divided by 21.
19
Let x = 188 - 154. What is the remainder when x is divided by 18?
16
Let r(d) = -d**3 + 10*d**2 - 8*d + 6. Suppose -2*g + 27 = -g. What is the remainder when g is divided by r(9)?
12
Suppose s + 4*h = 4, 0*h - 34 = -3*s - h. Calculate the remainder when 22 is divided by s.
10
What is the remainder when 106 is divided by (4 + 438/12)*(-4)/(-6)?
25
Let p(y) = 7*y + 1. What is the remainder when 27 is divided by p(2)?
12
Suppose -2*x - 5*n - 7 = 0, -6*x + 5*x + 19 = -5*n. What is the remainder when 177/x + (-5)/20 is divided by 0 - (0 + -2 + -13)?
14
Let c = 72 + -22. What is the remainder when c is divided by 13?
11
Calculate the remainder when 2/10 - 159/(-5) is divided by (-2)/(-3) - 62/(-6).
10
Let g = 55 - -32. What is the remainder when g is divided by 24 + -2 + 0/2?
21
Let t = 1 - 2. Suppose -4*n = 5*s + 808, -5*s = 3*n - 198 + 1004. Calculate the remainder when (s + 1)*t/3 is divided by 18.
17
Suppose -27 = -4*u + 13. What is the remainder when u is divided by 6?
4
Let t(r) = -r**3 + 5*r**2 - r + 2. Let x be t(4). Let f = 22 - x. What is the remainder when 23 is divided by f?
7
Let g(j) = -j**3 - j**2 + 3*j + 3. Calculate the remainder when g(-4) is divided by 20.
19
Suppose 0 = 3*c + 14 - 2, -2*x = -3*c - 48. Calculate the remainder when x is divided by (2/1 - -6) + 2.
8
Let h(o) = -o**3 + 2*o**2 + o - 4. What is the remainder when h(-2) is divided by 18/2*2/3?
4
Suppose 4 = q - 3*y - 5, 3*y + 6 = 0. Suppose -18 + 0 = -2*b. Calculate the remainder when b is divided by q.
0
Let v = -29 + 5. Let x(a) = -a**2 + a + 61. Let r be x(0). Let i = v + r. Calculate the remainder when i is divided by 13.
11
Calculate the remainder when 3/15*-27*-5 is divided by 7.
6
Suppose 0*h = 4*h - 280. Suppose 5*g + l + 0*l - 30 = 0, 0 = -4*g - 4*l + 40. Suppose -h = -g*o + 100. What is the remainder when o is divided by 12?
10
Suppose -p + 4 = -3*p. Let f = 5 + p. What is the remainder when 5 is divided by f?
2
What is the remainder when 1023/55 - (-4)/10 is divided by 5?
4
Let l(z) = -z**3 - 4*z**2 + 8*z - 8. What is the remainder when 94 is divided by l(-6)?
14
Let x(g) = -2*g - 1. What is the remainder when 7 is divided by x(-2)?
1
Suppose -5*h + 104 = 14. Let u = 2 + -6. Let l = h + u. What is the remainder when l is divided by 5?
4
Suppose -6*c - 21 = -219. What is the remainder when 129 is divided by c?
30
Let u(f) = -f**2 + 4*f - 1. Let j be u(3). Suppose 4*s - 12 = j*s. What is the remainder when s is divided by 2?
0
Let n(f) = 2*f**3 + 11*f**2 - 8*f + 5. What is the remainder when 83 is divided by n(-6)?
15
Let i(p) = -p**2 + 14*p + 5. Suppose -4*f + 3*o = -31 - 1, 4*f = 2*o + 36. Calculate the remainder when i(f) is divided by 10.
8
Let r(v) = -v**2 - 14*v - 14. Let l(n) = -n - 3. Let c be l(-3). Calculate the remainder when r(-10) is divided by (0 - (c + -2)) + 7.
8
Suppose 14*r - 10 = 13*r. What is the remainder when 39 is divided by r?
9
Let l be (-4)/(-10) + 4784/40. Suppose -11*o + 6*o = -l. Calculate the remainder when 70 is divided by o.
22
Suppose -7*a + 2*a - 5 = 0. Let l be 5/(10/16) - a. Suppose 0 = 4*x - l*x + 195. Calculate the remainder when x is divided by 20.
19
Let y(b) = -b**2 + 7*b - 1. Let x be y(5). Calculate the remainder when 10 is divided by (x - (4 - 7))/2.
4
Suppose -5*f + 6*f = 4. Calculate the remainder when 3 - (-1)/(-1) - -3 is divided by f.
1
Suppose 2*q = -i + 7, 2*q - 1 = -i + 3*q. Let h(r) = -r - 2. Let w be h(-6). Suppose j = -w, -i*j + 5*j + 13 = x. What is the remainder when 19 is divided by x?
4
Let f be ((-20)/6)/((-14)/21). Suppose 40 = z + f*c, 0 = z - 0*z + 4*c - 42. Calculate the remainder when z is divided by 13.
11
Let h = 187 - 53. Calculate the remainder when h/10 - 6/15 is divided by 5.
3
Suppose s + 4*k = 25, 5*k + 16 = -s + 5*s. What is the remainder when s is divided by 6?
3
Let f(s) = 7*s**2 + s + 2. Suppose -b + 0 + 11 = 0. Calculate the remainder when f(2) is divided by b.
10
Let o(z) = 5*z**3 - z**2 - z + 1. Let l be o(1). Let w(v) = -v**2 + 6*v - 6. Let t be w(l). Calculate the remainder when t/7 + 257/7 is divided by 13.
11
Calculate the remainder when 159 is divided by 4/46 + (-12648)/(-552).
21
Suppose -p - 20 = -5*p. Suppose 0 = d - o - p, -5*o + 23 = 3*d - 0*o. What is the remainder when -2 + 48/3 - 3 is divided by d?
5
Suppose 2*b + 2*b - 2 = 3*l, -2*l = 5*b + 9. Let f(g) = -4*g. Calculate the remainder when 15 is divided by f(l).
7
Suppose -o + 26 = 3. Let i = 47 - o. What is the remainder when 45 is divided by i?
21
Let o = 30 + -9. What is the remainder when o is divided by 12 + 1/(-1) + 0?
10
Let m(a) = -a**2 + 11*a - 9. Calculate the remainder when 93 is divided by m(7).
17
Let x(j) = 16*j**2 - 2*j - 2. Suppose 6*m + 7 = 5*m - i, -i = 4*m + 16. Let o be x(m). Calculate the remainder when 17 is divided by (-6)/21 - o/(-28).
2
Suppose -g = 4*g + 145. Let n = g + 50. Calculate the remainder when ((-1)/1)/(-2)*122 is divided by n.
19
Let c be 13 + -2 + 4 - 2. Calculate the remainder when (-64)/(-2) - (c + -13) is divided by 11.
10
Let s = -21 + 62. Let f = -1 + 4. Calculate the remainder when s is divided by (f + (-18)/(-1))*1.
20
Let b(c) = -2*c**3 + 2*c**2 + 5*c - 4. Let x be b(4). Let h = 117 + x. What is the remainder when h is divided by 10?
7
Let o(v) = 16*v**2 - v + 2. What is the remainder when o(2) is divided by 33?
31
Let v(c) = 8*c**2 - c + 1. Suppose -f = 5*h + 14, 0 = -h + 2*h + 3. What is the remainder when v(f) is divided by 5?
3
Let z be -3 + 4 + (1 - 8). Let x = 17 + z. Suppose -b = -1, 5*i - 2*i - 4*b = x. What is the remainder when 13 is divided by i?
3
Let n(h) = -h**3 - 5*h**2 + 3*h + 7. Let b be n(-5). What is the remainder when (-448)/b + 6/(-2) is divided by 14?
11
Calculate the remainder when (-2)/10 + 738/15 is divided by 10.
9
Let p(n) = n**3 + 11*n**2 + 20*n + 21. Calculate the remainder when 16 is divided by p(-9).
1
Suppose -1 = s + 6. Let z(m) be the first derivative of m**3/3 + m - 1. What is the remainder when z(s) is divided by 17?
16
Let k = 12 + -4. Suppose 0 = 3*w + k + 16. Let p = 5 - w. What is the remainder when 37 is divided by p?
11
Let b be 0/3 + 26/(-2). Let x = b - -67. What is the remainder when x is divided by 14?
12
Let n = -10 + 17. Suppose 4*a - 3*a = n. What is the remainder when a is divided by 5?
2
Suppose 2*y = -y - 4*r + 411, 0 = -2*r. Suppose 6*n = o + 2*n - 67, -3*o + y = 4*n. What is the remainder when o is divided by 26?
25
Suppose 5*t + 22 = z, z = 4*z + 3*t - 84. What is the remainder when ((-39)/(-9))/((-3)/(-36)) is divided by z?
25
Let z(x) be the third derivative of x**4/8 - x**3/2 + 5*x**2. What is the remainder when 45 is divided by z(5)?
9
Let f = 15 - 2. What is the remainder when f is divided by 5?
3
Calculate the remainder when 28 + 4/(-2) + 3 is divided by 11.
7
Suppose -3*k + 0*k + 57 = 0. Suppose -4*h - 2*q - 5 + 13 = 0, -5*h + 2*q = -k. C